/((-1)/s).
199
Let s(x) = -10353*x - 254. What are the prime factors of s(-2)?
2, 5113
What are the prime factors of 3*13011 - (18 + (-33 - -28))?
2, 5, 1951
Let j(g) = -81*g + 14. Let t be j(-9). Suppose 5*p = -4*h + 935, -5*h + 452 = p - t. List the prime factors of h.
2, 3, 5
Suppose 111774 = 5*t + 4*h, 26*t - 44682 = 24*t + 3*h. What are the prime factors of t?
2, 3, 5, 149
Let c be 7/((-42)/(-12)) - -6. Suppose -c*f - 51 + 307 = 0. List the prime factors of f.
2
Suppose 2*q - 27665 = 4*d - 8519, 2*q + 4*d - 19146 = 0. List the prime factors of q.
3, 3191
Suppose -4*q = -1492 - 380. Let w be ((-4)/(-6))/(-5 - 74039/(-14805)). Let k = w - q. List the prime factors of k.
3, 79
Let k be -3 + (-5)/(-3) + 20195/15. Suppose k = 6*u - 3263. List the prime factors of u.
2, 3
List the prime factors of (-15)/(-6) + 658030/20.
2, 3, 457
Let s(n) = 37*n - 11. Let p be s(2). Let t be 3/(-2)*1278/(-27). Let y = t - p. List the prime factors of y.
2
Let x(t) = -593*t**3 + 2*t**2 - 2*t + 5. Let y(u) = -u**3 - u - 1. Let n(v) = -x(v) - 3*y(v). List the prime factors of n(1).
3, 199
Let t = 24 - -82. Let o = t + -52. List the prime factors of o.
2, 3
Let u(t) = 5*t**2 - 8*t + 23. Let o(a) = -15 - 54 + 17*a - 14*a**2 + 7*a. Let s(v) = 6*o(v) + 17*u(v). List the prime factors of s(-13).
2, 3, 7
Let r = -168 + 382. Let q = 293 - r. List the prime factors of q.
79
Suppose -5*u + 18 = -7, 6 = -3*y + 3*u. Suppose -4*s + 16 = 0, y*d - 841 = -2*s + 7*s. List the prime factors of d.
7, 41
Let z = 38 - 35. Let w(b) = b**3 - 2*b**2 - 5*b + 2. Let m be w(z). What are the prime factors of 76 + m/(-2 - -1)?
2, 5
Let j = 2621 + 15629. What are the prime factors of j?
2, 5, 73
What are the prime factors of (-1935644)/76*(2 + -3)?
25469
Let v(c) = 2*c**3 + 5*c**2 - 11*c - 15. What are the prime factors of v(-2)?
11
Let l be (-155)/(-15) + 2/(-12)*-10. What are the prime factors of (l/16)/((-3)/(-2808))?
2, 3, 13
List the prime factors of -15*13/39 - -2266.
7, 17, 19
Let o(h) = -86*h**2 + 1. Let z be o(-1). Let p be (-2)/((-1)/((-402)/(-6))) + 4. Let g = z + p. List the prime factors of g.
53
Suppose z + 9582 = 2*s, -16 = -10*z + 6*z. What are the prime factors of s?
4793
Let v = -65153 + 114639. What are the prime factors of v?
2, 109, 227
Let y = 6 - 1. Let a(p) = -1 - p + 5 - 10*p - p**2 + 20*p**2 - 12*p**2. What are the prime factors of a(y)?
2, 31
Suppose -2166 = -62*v + 60*v. Suppose 5*x = 6*f - 3*f + 2754, -5*f + v = 2*x. List the prime factors of x.
3, 61
Let r(u) = -u**3 + 16*u**2 - 27*u + 20. Let c be r(17). Let k = c - -1410. What are the prime factors of k?
2, 11, 31
Suppose 10192 - 43498 = -21*l. List the prime factors of l.
2, 13, 61
Let t be (66/(-10))/((-36)/60). Suppose 3*s - 5*q + 1 = 8, 0 = 4*s + 2*q - 18. Suppose -3 - t = w + 5*o, -3*o = -s*w + 36. What are the prime factors of w?
2, 3
Let s = 1913 - 825. Suppose 0 = -2*y - 2*f + 1548, -f + s = 4*y - 1996. List the prime factors of y.
2, 5, 7, 11
Suppose -3*n - 3*h + 12 = 0, 2*n + 2*h + 2 = -2*h. Suppose -5*d - n = -4. List the prime factors of 39 + ((-6)/(-9))/(d/3).
37
Let b(f) = -8*f - 216. Let l be b(-43). Let s = 410 - l. What are the prime factors of s?
2, 3, 47
Suppose -5*x + 610 = t, -t = 4*t - 3*x - 2966. Let l = t - -2. What are the prime factors of l?
3, 199
List the prime factors of (26 + -10 + -1)*(-7276)/(-6).
2, 5, 17, 107
Suppose -254 = -6*z - 242. Suppose 996 = z*n - 468. List the prime factors of n.
2, 3, 61
Let g = 9 + -8. Let f(m) = 2*m - 2. Let d be f(g). Suppose -q + 234 = 3*a, d*q - 78 = -a + 5*q. What are the prime factors of a?
2, 3, 13
Suppose 3 = -n - 5*g + 27, 2*g - 9 = -n. Let s(m) = 8*m - 2. Let v be s(n). What are the prime factors of v*2/(-5) - -175?
179
Suppose -i - 13 = -2*i. Let h be 20/(-35) - 50/(-14). Suppose -h*k = -f + 20, 5*f - 3*k = i + 51. What are the prime factors of f?
11
Suppose -2*b + 3*b = 47. Suppose -b*y = -23*y - 3744. List the prime factors of y.
2, 3, 13
Let d(u) = -3*u + 9*u + 2 + u**3 - u**2 - 1 + 9*u**2. Let x be d(-5). Suppose x*j + 76 = 47*j. List the prime factors of j.
2, 19
Let o = -3507 + 3519. What are the prime factors of o?
2, 3
Suppose -3*x + 3*w - 7759 = -5*x, -5*x - 4*w + 19401 = 0. List the prime factors of x.
3881
Suppose -62 = 16*b + 2. List the prime factors of (21564/72)/((-2)/b).
599
Suppose -280 = -3*g + 23*g. Let x(r) = -24*r - 3. List the prime factors of x(g).
3, 37
What are the prime factors of (-19)/(-285) - (-32 + 27 - 57299/15)?
3, 5, 17
List the prime factors of 53/(9 - (5 + -10 + 11))*1497.
53, 499
Let d(t) = -t + 19. Let b be d(-7). Suppose -16*n = -3*n - b. Suppose 5*l + n*l = 1302. List the prime factors of l.
2, 3, 31
Let d be 8*(12 + -11)/(1 + 3). Suppose 884 = 10*k - 8*k - 4*v, -k = d*v - 422. List the prime factors of k.
2, 3
Suppose 0 = 9*p - 8*p + 1. Let b be -2 + 3 + 1/p + 608. Suppose -4*s + b = 3*k, 3*s - 7*s - 2*k = -612. What are the prime factors of s?
5, 31
Let p(i) = -i**3 - 6*i**2 - 9*i - 2. Let d be p(-4). What are the prime factors of (-1000)/(-6) - d - 2/(-6)?
3, 5, 11
Suppose -938 + 918 = -2*n. What are the prime factors of ((-1947)/22 + n)*(-8)/1?
2, 157
Suppose -465*f + 451*f + 636734 = 0. List the prime factors of f.
45481
What are the prime factors of 1250/150*(17016/(-20))/(-1)?
2, 5, 709
Let h(c) = -21 + 0*c + 4*c - 31. Let i be h(14). Suppose m = -2*j + i*m + 348, 4*m = -16. List the prime factors of j.
2, 3, 7
Suppose 0 = 8*c - 49891 - 8741. List the prime factors of c.
3, 7, 349
Let m = 68 + -61. Suppose -c - 633 = -2*b, m*b - 2*b - 1575 = 4*c. List the prime factors of b.
11, 29
Let l be (0 - -3) + (-2 - 79). Let b = 87 + l. Suppose -b*s = 19 - 793. What are the prime factors of s?
2, 43
Suppose d + 11 = -5*v + 31, 3*v - 4*d = -11. Suppose v*s + 20 = 8*s, 4*f = -s + 360. List the prime factors of f.
89
Let j(k) = 182*k - 56. Let h = 83 + -79. What are the prime factors of j(h)?
2, 3, 7
Suppose -2*w = 0, -43*a = -42*a - 3*w - 11055 - 15298. What are the prime factors of a?
19, 73
Suppose 0 = 2*x + 5*d - 797, 0*x + 2*x = d + 779. Let v = -235 + x. List the prime factors of v.
2, 3, 13
Suppose 5*g - 11 = -16. Let w be (11 + -13)/((-1)/(-2)*g). Let q(k) = 3*k**3 - 2*k**2 - 9*k + 13. List the prime factors of q(w).
137
Let s = 47 - 42. List the prime factors of s + (244 - 0/5).
3, 83
Let f(r) be the first derivative of r**3/3 - 2*r**2 - 2*r + 47. What are the prime factors of f(15)?
163
Suppose 3*j + 3*z - 30636 = 0, 0 = -0*j + 6*j - 3*z - 61245. What are the prime factors of j?
3, 41, 83
Let g(y) = -6 - 5*y + 4*y - 4*y + y**2 - 5*y. List the prime factors of g(-5).
3, 23
Suppose 7*z - 12120 = z. Suppose 15*a - 9070 + z = 0. List the prime factors of a.
2, 5, 47
Let h be 11/(-77) + 2/(-14)*48. Let q be (-4)/(-14) - (3 - 3110/h). Let u = -249 - q. What are the prime factors of u?
2, 3, 11
Suppose 4*f + 5*p - 25990 = f, 2*p - 8665 = -f. What are the prime factors of f?
3, 5, 577
Let m(q) = 13*q**2 + 7*q + 12. Suppose 23*h + 15 = 18*h. Let c be m(h). Suppose -c = -3*d - 0. List the prime factors of d.
2, 3
Let y = 389 - 347. Suppose -6752 = -y*f + 26*f. What are the prime factors of f?
2, 211
Suppose 3*j + p - 10 = 3, 0 = 4*j + p - 18. Suppose -j*d + 19 = 2*s, -3*s - s = -8. List the prime factors of (-4 + d)*(-16 + -3).
19
Let b = -275 + 196. Let k(g) = 18*g**3 - g + 2. Let x be k(2). Let h = b + x. What are the prime factors of h?
5, 13
Let l(x) = -125*x**3 - 4*x**2 + 80. List the prime factors of l(-7).
3, 4751
Let u(a) = -16 + 2*a - 4*a + 72*a**2 + 5. List the prime factors of u(-3).
643
What are the prime factors of (307 - 303) + (-2)/2 + 4436?
23, 193
Let q = -4196 + 7133. List the prime factors of q.
3, 11, 89
Suppose 13*a + 58136 = 39*a. What are the prime factors of a?
2, 13, 43
Let t be (-1 - 4) + (3 - 8). Let s = -8 - t. Suppose -5*i - x + 1456 = 0, -s*x + 146 = 2*i - 430. List the prime factors of i.
2, 73
Let w = 155 - 150. Suppose w*r = -2*a + 2050, 0*r = 4*r - 5*a - 1640. List the prime factors of r.
2, 5, 41
Let l(c) = -3*c**3 - 2*c**2 - c + 4. Suppose 0 = r - 6*r + 40. Let m = 5 - r. What are the prime factors of l(m)?
2, 5, 7
Suppose 0 = -s + 2*k + 1315, -2*s + 1319 = -s - k. Suppose -6*g = -13*g + s. What are the prime factors of g?
3, 7
Suppose 11*s + 1776 = 13*s. Let v = -